[INFO] cloning repository https://github.com/chris-hinson/Advent-of-Code
[INFO] running `Command { std: "git" "-c" "credential.helper=" "-c" "credential.helper=/workspace/cargo-home/bin/git-credential-null" "clone" "--bare" "https://github.com/chris-hinson/Advent-of-Code" "/workspace/cache/git-repos/https%3A%2F%2Fgithub.com%2Fchris-hinson%2FAdvent-of-Code", kill_on_drop: false }`
[INFO] [stderr] Cloning into bare repository '/workspace/cache/git-repos/https%3A%2F%2Fgithub.com%2Fchris-hinson%2FAdvent-of-Code'...
[INFO] running `Command { std: "git" "rev-parse" "HEAD", kill_on_drop: false }`
[INFO] [stdout] f075a69ef7259d3c0cb35d64e47c0e493d8f7baa
[INFO] checking chris-hinson/Advent-of-Code against master#e6e4f7ed1589e03bc2f6c5931c1a72e7947e8682 for beta-170-4
[INFO] running `Command { std: "git" "clone" "/workspace/cache/git-repos/https%3A%2F%2Fgithub.com%2Fchris-hinson%2FAdvent-of-Code" "/workspace/builds/worker-7-tc2/source", kill_on_drop: false }`
[INFO] [stderr] Cloning into '/workspace/builds/worker-7-tc2/source'...
[INFO] [stderr] done.
[INFO] validating manifest of git repo https://github.com/chris-hinson/Advent-of-Code on toolchain e6e4f7ed1589e03bc2f6c5931c1a72e7947e8682
[INFO] running `Command { std: CARGO_HOME="/workspace/cargo-home" RUSTUP_HOME="/workspace/rustup-home" "/workspace/cargo-home/bin/cargo" "+e6e4f7ed1589e03bc2f6c5931c1a72e7947e8682" "metadata" "--manifest-path" "Cargo.toml" "--no-deps", kill_on_drop: false }`
[INFO] started tweaking git repo https://github.com/chris-hinson/Advent-of-Code
[INFO] finished tweaking git repo https://github.com/chris-hinson/Advent-of-Code
[INFO] tweaked toml for git repo https://github.com/chris-hinson/Advent-of-Code written to /workspace/builds/worker-7-tc2/source/Cargo.toml
[INFO] crate git repo https://github.com/chris-hinson/Advent-of-Code already has a lockfile, it will not be regenerated
[INFO] running `Command { std: CARGO_HOME="/workspace/cargo-home" RUSTUP_HOME="/workspace/rustup-home" "/workspace/cargo-home/bin/cargo" "+e6e4f7ed1589e03bc2f6c5931c1a72e7947e8682" "fetch" "--manifest-path" "Cargo.toml", kill_on_drop: false }`
[INFO] [stderr] warning: the cargo feature `edition2021` has been stabilized in the 1.56 release and is no longer necessary to be listed in the manifest
[INFO] [stderr]   See https://doc.rust-lang.org/nightly/cargo/reference/manifest.html#the-edition-field for more information about using this feature.
[INFO] running `Command { std: "docker" "create" "-v" "/var/lib/crater-agent-workspace/builds/worker-7-tc2/target:/opt/rustwide/target:rw,Z" "-v" "/var/lib/crater-agent-workspace/builds/worker-7-tc2/source:/opt/rustwide/workdir:ro,Z" "-v" "/var/lib/crater-agent-workspace/cargo-home:/opt/rustwide/cargo-home:ro,Z" "-v" "/var/lib/crater-agent-workspace/rustup-home:/opt/rustwide/rustup-home:ro,Z" "-e" "SOURCE_DIR=/opt/rustwide/workdir" "-e" "CARGO_TARGET_DIR=/opt/rustwide/target" "-e" "CARGO_HOME=/opt/rustwide/cargo-home" "-e" "RUSTUP_HOME=/opt/rustwide/rustup-home" "-w" "/opt/rustwide/workdir" "-m" "1610612736" "--user" "0:0" "--network" "none" "ghcr.io/rust-lang/crates-build-env/linux@sha256:19e73879b68f455e41552ea35293514db52ea292d993f571636dbffedb77a1ee" "/opt/rustwide/cargo-home/bin/cargo" "+e6e4f7ed1589e03bc2f6c5931c1a72e7947e8682" "metadata" "--no-deps" "--format-version=1", kill_on_drop: false }`
[INFO] [stdout] 69a3915d290cb6fa8675b22ff9553c0077becb60edd7ed63825d8b1d039e5209
[INFO] running `Command { std: "docker" "start" "-a" "69a3915d290cb6fa8675b22ff9553c0077becb60edd7ed63825d8b1d039e5209", kill_on_drop: false }`
[INFO] running `Command { std: "docker" "inspect" "69a3915d290cb6fa8675b22ff9553c0077becb60edd7ed63825d8b1d039e5209", kill_on_drop: false }`
[INFO] running `Command { std: "docker" "rm" "-f" "69a3915d290cb6fa8675b22ff9553c0077becb60edd7ed63825d8b1d039e5209", kill_on_drop: false }`
[INFO] [stdout] 69a3915d290cb6fa8675b22ff9553c0077becb60edd7ed63825d8b1d039e5209
[INFO] running `Command { std: "docker" "create" "-v" "/var/lib/crater-agent-workspace/builds/worker-7-tc2/target:/opt/rustwide/target:rw,Z" "-v" "/var/lib/crater-agent-workspace/builds/worker-7-tc2/source:/opt/rustwide/workdir:ro,Z" "-v" "/var/lib/crater-agent-workspace/cargo-home:/opt/rustwide/cargo-home:ro,Z" "-v" "/var/lib/crater-agent-workspace/rustup-home:/opt/rustwide/rustup-home:ro,Z" "-e" "SOURCE_DIR=/opt/rustwide/workdir" "-e" "CARGO_TARGET_DIR=/opt/rustwide/target" "-e" "CARGO_INCREMENTAL=0" "-e" "RUST_BACKTRACE=full" "-e" "RUSTFLAGS=--cap-lints=forbid" "-e" "RUSTDOCFLAGS=--cap-lints=forbid" "-e" "CARGO_HOME=/opt/rustwide/cargo-home" "-e" "RUSTUP_HOME=/opt/rustwide/rustup-home" "-w" "/opt/rustwide/workdir" "-m" "1610612736" "--user" "0:0" "--network" "none" "ghcr.io/rust-lang/crates-build-env/linux@sha256:19e73879b68f455e41552ea35293514db52ea292d993f571636dbffedb77a1ee" "/opt/rustwide/cargo-home/bin/cargo" "+e6e4f7ed1589e03bc2f6c5931c1a72e7947e8682" "check" "--frozen" "--all" "--all-targets" "--message-format=json", kill_on_drop: false }`
[INFO] [stdout] f2f0af04e1e9accb7716c2d70eaac032969ab3fb37db64848c57a4050a267bb6
[INFO] running `Command { std: "docker" "start" "-a" "f2f0af04e1e9accb7716c2d70eaac032969ab3fb37db64848c57a4050a267bb6", kill_on_drop: false }`
[INFO] [stderr] warning: the cargo feature `edition2021` has been stabilized in the 1.56 release and is no longer necessary to be listed in the manifest
[INFO] [stderr]   See https://doc.rust-lang.org/nightly/cargo/reference/manifest.html#the-edition-field for more information about using this feature.
[INFO] [stderr]    Compiling crossbeam-utils v0.8.5
[INFO] [stderr]    Compiling memoffset v0.6.4
[INFO] [stderr]    Compiling libc v0.2.108
[INFO] [stderr]    Compiling crossbeam-epoch v0.9.5
[INFO] [stderr]    Compiling rayon-core v1.9.1
[INFO] [stderr]    Compiling rayon v1.5.1
[INFO] [stderr]     Checking crossbeam-channel v0.5.1
[INFO] [stderr]     Checking crossbeam-deque v0.8.1
[INFO] [stderr]     Checking num_cpus v1.13.0
[INFO] [stderr]     Checking AoC v0.1.0 (/opt/rustwide/workdir)
[INFO] [stdout] warning: unused imports: `Arc`, `Mutex`
[INFO] [stdout]  --> src/bin/day24.rs:8:17
[INFO] [stdout]   |
[INFO] [stdout] 8 | use std::sync::{Arc, Mutex};
[INFO] [stdout]   |                 ^^^  ^^^^^
[INFO] [stdout]   |
[INFO] [stdout]   = note: `#[warn(unused_imports)]` on by default
[INFO] [stdout] 
[INFO] [stdout] 
[INFO] [stdout] warning: crate `AoC` should have a snake case name
[INFO] [stdout]   |
[INFO] [stdout]   = help: convert the identifier to snake case: `ao_c`
[INFO] [stdout]   = note: `#[warn(non_snake_case)]` on by default
[INFO] [stdout] 
[INFO] [stdout] 
[INFO] [stdout] error[E0267]: `continue` inside of a closure
[INFO] [stdout]    --> src/bin/day24.rs:189:13
[INFO] [stdout]     |
[INFO] [stdout] 186 |     (low..high).into_par_iter().for_each(|code| {
[INFO] [stdout]     |                                          ------ enclosing closure
[INFO] [stdout] ...
[INFO] [stdout] 189 |             continue;
[INFO] [stdout]     |             ^^^^^^^^ cannot `continue` inside of a closure
[INFO] [stdout] 
[INFO] [stdout] 
[INFO] [stdout] error[E0267]: `continue` inside of a closure
[INFO] [stdout]    --> src/bin/day24.rs:197:13
[INFO] [stdout]     |
[INFO] [stdout] 186 |     (low..high).into_par_iter().for_each(|code| {
[INFO] [stdout]     |                                          ------ enclosing closure
[INFO] [stdout] ...
[INFO] [stdout] 197 |             continue;
[INFO] [stdout]     |             ^^^^^^^^ cannot `continue` inside of a closure
[INFO] [stdout] 
[INFO] [stdout] 
[INFO] [stdout] error[E0267]: `break` inside of a closure
[INFO] [stdout]    --> src/bin/day24.rs:204:17
[INFO] [stdout]     |
[INFO] [stdout] 186 |     (low..high).into_par_iter().for_each(|code| {
[INFO] [stdout]     |                                          ------ enclosing closure
[INFO] [stdout] ...
[INFO] [stdout] 204 |                 break;
[INFO] [stdout]     |                 ^^^^^ cannot `break` inside of a closure
[INFO] [stdout] 
[INFO] [stdout] 
[INFO] [stdout] warning: 1 warning emitted
[INFO] [stdout] 
[INFO] [stdout] 
[INFO] [stdout] error: aborting due to 3 previous errors; 1 warning emitted
[INFO] [stdout] 
[INFO] [stdout] 
[INFO] [stdout] For more information about this error, try `rustc --explain E0267`.
[INFO] [stdout] 
[INFO] [stdout] warning: unused variable: `i`
[INFO] [stdout]    --> src/bin/day11.rs:106:10
[INFO] [stdout]     |
[INFO] [stdout] 106 |     for (i, row) in octo.iter_mut().enumerate() {
[INFO] [stdout]     |          ^ help: if this is intentional, prefix it with an underscore: `_i`
[INFO] [stdout]     |
[INFO] [stdout]     = note: `#[warn(unused_variables)]` on by default
[INFO] [stdout] 
[INFO] [stdout] 
[INFO] [stdout] warning: unused variable: `j`
[INFO] [stdout]    --> src/bin/day11.rs:107:14
[INFO] [stdout]     |
[INFO] [stdout] 107 |         for (j, col) in row.iter_mut().enumerate() {
[INFO] [stdout]     |              ^ help: if this is intentional, prefix it with an underscore: `_j`
[INFO] [stdout] 
[INFO] [stdout] 
[INFO] [stderr] error: could not compile `AoC` (bin "day24" test) due to 4 previous errors; 1 warning emitted
[INFO] [stderr] warning: build failed, waiting for other jobs to finish...
[INFO] [stdout] warning: 2 warnings emitted
[INFO] [stdout] 
[INFO] [stdout] 
[INFO] running `Command { std: "docker" "inspect" "f2f0af04e1e9accb7716c2d70eaac032969ab3fb37db64848c57a4050a267bb6", kill_on_drop: false }`
[INFO] running `Command { std: "docker" "rm" "-f" "f2f0af04e1e9accb7716c2d70eaac032969ab3fb37db64848c57a4050a267bb6", kill_on_drop: false }`
[INFO] [stdout] f2f0af04e1e9accb7716c2d70eaac032969ab3fb37db64848c57a4050a267bb6
